(0).
-6
Let u(r) = 8*r + 121. Calculate u(-20).
-39
Let r(d) = -d**2 - 60*d + 210. Determine r(-63).
21
Let n(a) = -14*a**3 + a**2 + 3*a - 3. Determine n(2).
-105
Let v(r) = r**3 - 6*r**2 - 27*r + 43. What is v(13)?
875
Let b(p) = 10*p**2 + 50*p + 40. Give b(-4).
0
Let d(s) = 4*s**3 + 56*s**2 + 57*s + 56. Give d(-13).
-9
Let u(o) = o**3 + 44*o**2 + 106*o - 739. Calculate u(-41).
-42
Let s(a) = -a**2 - 275*a - 17768. Calculate s(-104).
16
Let r(j) = 149*j - 32. What is r(3)?
415
Let y(q) = -q**2 - 260*q - 3905. Calculate y(-16).
-1
Let y(t) = -t**3 + 11*t**2 - 28*t - 50. Give y(8).
-82
Let w(p) = -p**3 + 7*p**2 - 244*p + 3009. Give w(12).
-639
Let t(o) = 3*o**2 + 119*o - 1788. Calculate t(-51).
-54
Let t(s) = -s**2 + 758*s - 69127. Give t(106).
-15
Let b(z) = 2*z**3 - 28*z**2 + 107*z - 2073. Give b(15).
-18
Let u(p) = 56*p + 5. What is u(-1)?
-51
Let l(m) = m**3 + 41*m**2 + 43*m + 181. What is l(-40)?
61
Let p(n) = n**3 + 19*n**2 - 32*n + 61. Determine p(-21).
-149
Let l(m) = -107*m - 1781. Give l(-22).
573
Let z(i) = -i**3 - 12*i**2 - 5*i + 7. Calculate z(-10).
-143
Let r(n) = -n**3 + 7*n**2 + n + 74. What is r(0)?
74
Let y(g) = -g**3 + 112*g**2 + 700*g + 943. Give y(118).
-1
Let t(o) = 5*o**2 + 385*o + 299. Calculate t(-76).
-81
Let u(t) = -t**2 + 20*t - 15. Determine u(17).
36
Let v(m) = -6*m + 64. Give v(-31).
250
Let x(r) = 58*r**2 + 5567*r - 105. Give x(-96).
-9
Let c(q) = q**2 - 8*q - 4849. Determine c(74).
35
Let k(j) = -2*j**2 + 112*j + 28. Give k(56).
28
Let i(d) = d**2 - 26*d + 1. Give i(-2).
57
Let q(x) = -x**2 - 23*x - 102. What is q(-13)?
28
Let g(q) = 6*q**3 - 11*q**2 + 9*q - 46. Give g(3).
44
Let k(c) = -6462*c - 142159. Calculate k(-22).
5
Let r(z) = -29*z**2 - 186*z - 60. Calculate r(-6).
12
Let c(b) = -b**3 - 28*b**2 + 46*b - 353. What is c(-30)?
67
Let u(q) = -271*q**2 - 538*q + 5. Determine u(-2).
-3
Let o(b) = -300*b - 3304. What is o(-11)?
-4
Let p(t) = t**2 + 69*t - 5935. Calculate p(50).
15
Let d(r) = r**3 - 51*r**2 - 50*r - 201. Determine d(52).
-97
Let l(m) = -17895*m + 143145. What is l(8)?
-15
Let f(c) = 11*c**3 - 121*c**2 - 15*c + 10. Give f(11).
-155
Let p(n) = -7*n + 537. Calculate p(76).
5
Let r(u) = -2504*u - 5012. Determine r(-2).
-4
Let o(j) = -j**3 - 16*j**2 - 72*j + 2. Determine o(-11).
189
Let a(m) = -m**3 + 11*m**2 + 69*m - 483. Calculate a(5).
12
Let x(o) = -o**3 + 43*o**2 + 52*o - 70. Calculate x(44).
282
Let p(m) = 15*m + 454. Give p(-32).
-26
Let r(o) = 40*o - 127. Give r(4).
33
Let i(t) = -t**3 - 6*t**2 + 72*t - 39. Determine i(-12).
-39
Let u(g) = -16*g**3 + 2320*g**2 + 2*g - 266. What is u(145)?
24
Let b(q) = q**3 + 2*q**2 - 22*q - 10. Determine b(5).
55
Let m(l) = -31*l - 38. What is m(7)?
-255
Let w(m) = 13*m - 110. Calculate w(-22).
-396
Let t(a) = a**2 - 3*a + 6. Determine t(7).
34
Let k(u) = 930*u - 10133. What is k(11)?
97
Let l(h) = -35*h + 1215. Give l(38).
-115
Let d(q) = -17*q**2 + 46*q + 16. Calculate d(3).
1
Let z(q) = q**3 + 61*q**2 + 517*q + 35918. Give z(-62).
20
Let q(i) = 1192*i - 39341. Determine q(33).
-5
Let q(c) = 10*c + 44. Give q(4).
84
Let g(o) = -10*o + 168. What is g(22)?
-52
Let q(k) = -2*k**3 - 51*k**2 - 265*k + 442. Determine q(-10).
-8
Let p(w) = 3*w**3 + 42*w**2 - 9*w + 15. What is p(-14)?
141
Let p(w) = -118*w + 828. Calculate p(7).
2
Let q(p) = -13*p + 154. Determine q(11).
11
Let y(j) = -j**3 + 69*j**2 - 527*j + 2381. What is y(61)?
2
Let u(m) = 372*m**2 + 2*m + 1. Calculate u(-1).
371
Let u(q) = -2*q**2 + 1744*q + 5249. Determine u(-3).
-1
Let q(d) = 8*d**3 - 81*d - 161. Give q(-2).
-63
Let a(q) = 393*q - 17686. Give a(45).
-1
Let s(w) = -w**3 + 3*w**2 + 33*w - 119. Calculate s(5).
-4
Let n(k) = 143*k**2 + 1010*k + 64. Give n(-7).
1
Let y(w) = -36*w**2 + 86*w - 5. What is y(2)?
23
Let h(b) = 3*b**2 - 52*b + 2. Determine h(0).
2
Let w(r) = r**2 - 10*r + 14. What is w(11)?
25
Let y(b) = -75*b - 1184. What is y(-16)?
16
Let f(g) = -173*g - 818. What is f(-5)?
47
Let r(m) = -2*m**2 + 15*m + 5. Determine r(-8).
-243
Let y(k) = 2*k**2 - 114*k + 488. Determine y(52).
-32
Let t(a) = 5*a**2 - 335*a + 1259. What is t(4)?
-1
Let c(u) = u**2 - 128*u - 1109. Determine c(-8).
-21
Let y(t) = t**3 + 72*t**2 + 16*t + 1147. Calculate y(-72).
-5
Let r(v) = -5*v**3 + 188*v**2 + 72*v + 116. Give r(38).
-36
Let t(z) = 3*z**2 + 33*z + 105. Give t(-4).
21
Let q(m) = 2*m**2 + 14*m + 11. Determine q(0).
11
Let v(d) = -3*d**2 - 126*d - 1027. Determine v(-25).
248
Let c(w) = w**2 + 93*w - 194. Determine c(2).
-4
Let t(z) = -z**3 + 7*z**2 - 37*z + 171. Determine t(6).
-15
Let j(i) = -572*i + 4022. Determine j(7).
18
Let x(l) = 7*l + 60. Give x(-10).
-10
Let h(k) = -7*k**2 + 13*k + 8. Calculate h(10).
-562
Let p(a) = a**3 - 9*a**2 - 6*a + 39. Determine p(7).
-101
Let b(f) = -f**3 + 8*f**2 - 20*f + 52. Give b(7).
-39
Let b(c) = -7*c**3 - 591*c**2 + 340*c - 16. Calculate b(-85).
-16
Let n(y) = -y**3 - 56*y**2 - 87*y - 4867. Calculate n(-56).
5
Let p(c) = -c**3 - 16*c**2 + 464*c - 15. Determine p(-31).
16
Let g(a) = a**3 - 52*a**2 - 5567*a + 212. Determine g(105).
2
Let i(t) = 125*t + 11872. Determine i(-95).
-3
Let k(j) = j**2 - 7*j - 2. Give k(-5).
58
Let w(m) = -m**3 + 49*m**2 + 59*m - 409. Give w(50).
41
Let l(a) = 111*a + 7. What is l(0)?
7
Let b(k) = -k**3 + 7*k**2 + 42*k - 283. Give b(6).
5
Let n(f) = -f**2 - 3810*f + 11424. Determine n(3).
-15
Let z(f) = -f**2 + 42*f + 358. What is z(-10)?
-162
Let u(h) = -9*h**3 + 27*h**2 - 9*h + 7. Give u(3).
-20
Let y(v) = -v**2 + 30*v - 36. Calculate y(29).
-7
Let l(x) = x**3 + 15*x**2 + 28*x - 1. Calculate l(-11).
175
Let x(n) = -4*n**3 + 50*n**2 - 30*n + 3. Determine x(12).
-69
Let y(l) = -l**3 - 6*l**2 + 26*l + 132. Give y(-5).
-23
Let v(y) = y + 190. Give v(14).
204
Let k(g) = 65*g + 245. Determine k(-6).
-145
Let y(q) = -q**3 + 6*q**2 + 38*q - 105. Give y(9).
-6
Let o(j) = j**3 - 250*j**2 + 267*j - 66747. What is o(250)?
3
Let l(y) = -y**2 + 46*y - 89. Give l(44).
-1
Let u(n) = -5*n**3 + 397*n**2 - 161*n + 228. Give u(79).
-9
Let b(h) = h**3 + 11*h**2 - h + 21. What is b(0)?
21
Let j(i) = 4*i**2 - 12*i + 20. Give j(6).
92
Let w(x) = 52*x + 25. Calculate w(-3).
-131
Let w(z) = 489*z - 2596. Determine w(6).
338
Let m(l) = 9*l**3 + 3*l**2 - 46*l - 45. What is m(-1)?
-5
Let l(r) = -172*r - 917. Give l(-6).
115
Let x(p) = p**3 + 16*p**2 - 2*p - 116. Give x(0).
-116
Let g(q) = q**3 + 30*q**2 - 1002*q + 34. Determine g(20).
-6
Let u(l) = 3*l - 31. Calculate u(3).
-22
Let z(t) = 3*t**3 - 28*t**2 + t + 87. Determine z(9).
15
Let a(u) = -2*u**2 + 2*u + 30. Determine a(-10).
-190
Let k(h) = 302*h + 9053. Give k(-30).
-7
Let r(p) = 114*p - 82. What is r(1)?
32
Let g(b) = -8*b**3 + 31*b**2 + 38. Give g(4).
22
Let w(s) = -2*s**2 + s + 98. Calculate w(0).
98
Let z(v) = -v**3 + 3*v**2 - 30*v + 58. Determine z(2).
2
Let u(w) = 2*w**2 + 30*w - 2140. Give u(-41).
-8
Let l(j) = j**3 + 53*j**2 + 197*j + 9. Determine l(-4).
5
Let s(m) = -54*m - 110. Give s(-4).
106
Let u(l) = 17*l**2 + 104*l - 255. Give u(-8).
1
Let l(w) = -171*w - 1368. Determine l(-8).
0
Let t(j) = 193*j + 11878. Give t(-62).
-88
Let d(v) = v**3 - 8*v**2 + 174*v - 991. Calculate d(6).
-19
Let u(g) = g**3 + 26*g**2 + 170*g + 462. Calculate u(-18).
-6
Let r(c) = -115*c + 93. Calculate r(2).
-137
Let z(w) = -w**3 - 10*w**2 - 289*w - 2513. Determine z(-9).
7
Let d(s) = -6*s**3 - 11*s + 23. Calculate d(2).
-47
Let l(x) = -x**2 - 8*x + 680. Give l(22).
20
Let o(c) = -c**2 + 452*c - 4421. Calculate o(10).
-1
Let c(s) = 2*s**3 + 70*s**2 + 592*s + 45. Give c(-14).
-11
Let c(k) = -1001*k + 2002. Calculate c(2).
0
Let j(d) = 37*d - 235. What is j(5)?
-50
Let f(t) = -3*t**3 + 18*t**2 + 7*t - 43. Determine f(6).
-1
Let o(i) = i**3 + 49*i**2 - 159*i - 12. What is o(-52)?
144
Let a(g) = 3*g**3 + 37*g**2 - 18*g - 49. Determine a(-12).
311
Let l(s) = s**3 + 21*s**2 + 110*s + 4. Give l(-10).
4
Let r(l) = -2*l**3 + 16*l**2 + 17*l - 24. Calculate r(9).
-33
Let o(i) = 2*i**3 + 9*i**2 + 2*i - 25. Determine o(-6).
-145
Let u(k) = 7*k**2 + 17*k - 670. Calculate u(-11).
-10
Let a(h) = 276*h - 1134. Determine a(4).
-30
Let p(y) = -16*y - 245. Determine p(-8).
-117
Let r(j) = 2*j**3 - 555*j**2 + 2458*j - 268. Give r(273).
5
Let b(w) = 17*w - 1135. Give b(66).
-13
Let z(a) = a**2 - 7*a - 160. Give z(-10).
10
Let o(t) = 3*